eds digit of d(-2)?
2
What is the units digit of 58*10 - (-14 - (-16 + -1))?
7
Suppose 3*s - 808 - 227 = 0. What is the tens digit of ((-8)/20)/((-3)/s)?
4
Let j(m) = -m**2 + 15*m + 14. Let u be j(15). Let c = 24 - u. Suppose -f + 26 = -c. What is the tens digit of f?
3
Let a = -138 - -143. Suppose -332 = -d + 4*g, -a*d + 5*g + 644 + 1001 = 0. What is the units digit of d?
8
Suppose 2*v = -8*v + 3410. What is the hundreds digit of v?
3
Suppose -2*u + 38 - 4 = 5*s, -16 = -s - 5*u. Let q be ((-2)/(-6))/(1/s). What is the units digit of ((-594)/(-18))/(-1 + q)?
3
Let d(j) = 79*j**2 + 22*j - 9. What is the hundreds digit of d(-5)?
8
Suppose -2*o = 2*t - 6624, -57*o - 5*t + 3332 = -56*o. What is the hundreds digit of o?
3
Suppose -5*d - 21 - 529 = 5*m, 4*m = d + 130. What is the tens digit of (1 - 10/12) + (-10697)/d?
9
Let u be (1 - 2/2)*-1. Suppose u = -2*j + 28 - 82. What is the tens digit of 30/(-10) - j/1?
2
Let z be (0 - 0)/(-9 - -10). Suppose -12 = 4*q - z*q, 4*q - 50 = -f. What is the tens digit of f?
6
Let m be (4/6)/((-2)/(-6)). Let n be -6*m*(-4)/16. Suppose -n*s + 60 = -48. What is the units digit of s?
6
Suppose -3*o + 2*y = -2663, 19*o + 2698 = 22*o + 5*y. What is the units digit of o?
1
Suppose 2*k - 2708 = -a + k, -4*k = -2*a + 5398. What is the thousands digit of a?
2
Suppose 12*x + 7 = 499. What is the tens digit of x?
4
Let j be -1*(-36)/(-4)*4. What is the units digit of (-135)/(-6)*j/(-10)?
1
Let b = 167 + -149. What is the units digit of b?
8
Let w = -23 + 26. Suppose -3*n - 4*c = -2*n + 8, 20 = n - w*c. What is the units digit of n?
8
Suppose -3*j = -0*j - 15. Suppose -d - i = -40, -29 = -d - j*i + 15. What is the tens digit of d?
3
Let f(y) = -y - 11. Let q be f(-12). Let x be q - (-3 - (3 - 3)). Suppose -x*c + 1 + 143 = 0. What is the units digit of c?
6
Let m = -11 - -5. Let x(q) = q**3 + 6*q**2 - 6*q - 4. Let i be x(m). Let k = -17 + i. What is the units digit of k?
5
Suppose -2*k = -0*k - 6. Let m be -3*(2 - k)/(-1). Let a(f) = f**3 + 5*f**2 - f - 3. What is the units digit of a(m)?
8
Let g be (18/(-4))/(-9)*166. Let q = -25 + g. Let t = q - 30. What is the tens digit of t?
2
Let w be (-28)/42*(-435)/2. Let g(c) = 2*c**3 - 2*c**2 - 3*c - 5. Let x be g(4). Let q = w - x. What is the units digit of q?
6
Let j(b) = b**2 - 1. Let t be j(2). Suppose -896 = -10*h + t*h. What is the tens digit of h?
2
Let q = -15 - -5. Let t = -5 - q. Suppose t*m + 2*b - 71 = 0, -5*m + 3*b + 8 = -48. What is the tens digit of m?
1
Let v be (-2)/(2915/(-585) - -5). Let c = -104 - v. What is the tens digit of c?
1
Suppose o - 3 = -0. Suppose 0 = -4*l - w - 4, o*w + 8 = 3*l + w. Suppose -2*z - z + 9 = l. What is the units digit of z?
3
Let r(t) = -t**3 - 9*t**2 - 3*t + 8. Let d be r(-9). Let h = d - -29. What is the tens digit of h?
6
Let u be (29 + (-4 - -2))/(-1). Suppose 2*w - 27 = 5*w. Let y = w - u. What is the units digit of y?
8
Let y(t) = t**2 + 12*t + 17. Let l be y(-14). Suppose -l = -2*h - 5. What is the units digit of h?
0
Let a(p) = 3*p - 15. Let f be a(6). Let k(n) = -n**2 + 6*n + 7. Let y be k(7). Suppose 149 = 4*c - h, y*c = f*c + h - 103. What is the tens digit of c?
3
Suppose -5*z + 1920 = -5*w, -z + 3*z = w + 769. What is the hundreds digit of z?
3
Let c be 0 - (1 - 18 - 1). Let f = c + -11. What is the units digit of f?
7
Suppose -31 = -3*s - 4. Let z(l) be the second derivative of -l**5/20 + 3*l**4/4 + 3*l**2 - 2*l. What is the units digit of z(s)?
6
Let i be (12 - 9) + (1 - (3 + -2)). Suppose 0 = -i*r - 0*r + 441. What is the hundreds digit of r?
1
Suppose 0 = 11*w + 4*w. Let r(b) = -b. Let d be r(-6). Let v = w + d. What is the units digit of v?
6
Suppose 4*y = -w - 2*w + 13, -5*y - 4 = -3*w. Suppose 4*c + 39 = -y. What is the units digit of (-2)/c + 1312/40?
3
Let n(h) = -18*h + 5. What is the units digit of n(-27)?
1
What is the hundreds digit of (15*2/6 - -627) + -5?
6
Let a be 1540/25 + 2/5. Suppose 0 = -4*o + 170 + a. What is the tens digit of o?
5
Suppose 13*q = 3*q - 140. What is the tens digit of -2 - 1 - (q - 7)?
1
Let g(a) = -a**3 + 2*a**2 + 4*a + 1. Let t be g(3). Let r(x) = 5*x + 6 - 4 + 5 - t*x. What is the units digit of r(6)?
3
Let q = -901 - -1302. What is the tens digit of q?
0
Let l be (-26)/8 + (-5)/(-20). What is the tens digit of (-25 + l)*(-3)/1?
8
Let h be 10/3 - 3/9. Suppose 36 = 4*y + h*n, -2*y + 5*n + 55 = 11. What is the tens digit of y?
1
Let n = 216 - 104. Suppose n = 4*y - 0*y. What is the tens digit of y?
2
Let h = 46 + -51. Let k = 71 + h. What is the units digit of k?
6
Suppose 5*u - 2*h - 995 = 2*h, 3*u - 595 = 2*h. What is the units digit of u?
5
Suppose w - 15 = -6. Suppose 6*p = w*p - 75. What is the tens digit of p?
2
Let z(h) = h**2 + 9*h - 1. Let s be z(-8). Let w(t) = -4*t - 22. Let o be w(s). Suppose 0 = -3*k + o + 55. What is the units digit of k?
3
Suppose 88*g - 84*g - 3564 = 0. What is the hundreds digit of g?
8
What is the tens digit of (-13 + 11)/(2/2) + 53?
5
Let t = 1424 + 5. What is the units digit of t?
9
Let d(h) = 2*h**2 - 8*h - 11. Let j = 123 - 132. What is the units digit of d(j)?
3
Let s(j) = 0*j**3 - 2*j**2 + 3*j + 10 - 12 - j**3. Let g be s(-3). What is the units digit of g - 2 - (0 - 38)?
4
Suppose d + 0*d + c - 515 = 0, 0 = -2*c - 8. What is the tens digit of d?
1
Let t(l) = -16*l - 3. Let z(x) = -17*x - 3. Let c(i) = 4*t(i) - 3*z(i). Suppose 0 = d - 0*d - 5*w - 3, 4 = -d - 2*w. What is the tens digit of c(d)?
2
Suppose 0 = 42*y - 49*y + 15141. What is the tens digit of y?
6
Let g = 322 - -92. What is the units digit of g?
4
Let m(b) = 12*b**2 - 46*b - 37. What is the thousands digit of m(-9)?
1
Suppose -y + 6*y - 50 = 0. Let n(q) be the first derivative of -q**2/2 + 13*q + 1. What is the units digit of n(y)?
3
Let f be (-1)/(-2)*(293 + 1). Let c = f - 79. What is the units digit of c?
8
Let w(k) = -4*k**2 + 2*k + 4. Let b be w(4). Let s = b - -98. What is the units digit of s?
6
Let q = -1041 - -1134. What is the tens digit of q?
9
Let d = 2 + -1. Let y(t) = t**2 - 13*t + 44. Let v be y(8). What is the units digit of 8*(8/d)/v?
6
Let x(k) = -40*k - 76. Let m be x(-5). Let y be 6/(-4)*(1 - 3). Suppose -y*z + a - 3*a = -118, 3*z = -5*a + m. What is the tens digit of z?
3
Suppose 2*n - 2246 = -4*k, -5*k - 5*n + 446 = -2369. What is the tens digit of (2*1)/(20/k)?
5
Suppose -3*i + 6 = 195. Let a = -42 - i. Let c = a + 10. What is the units digit of c?
1
Let l(a) = 7*a**2 - 14*a - 11. What is the tens digit of l(-7)?
3
Let s(j) = j**3 - 9*j**2 + 7*j**2 + 21*j**2 + 43. What is the units digit of s(-19)?
3
Let w = 5883 - 3561. What is the units digit of w?
2
Let l(i) = 5*i**2 + 14. Let y be l(-6). Suppose 0 = -5*h - 2*x + 182, 10*h - 5*h - x - y = 0. What is the units digit of h?
8
Suppose 0 = u - 4 - 2. Suppose -2*t - t = q - u, -2*t - 66 = -4*q. What is the tens digit of q?
1
Suppose 5*z - 4*z = 0. Suppose z = 6*k - 230 + 62. What is the tens digit of k?
2
Suppose 13*l - 8*l = 260. Suppose -2*f + l = -2*h, -24 = -3*f - 3*h + 24. What is the tens digit of f/(-24)*2*-8?
1
Let t be (2/4)/(1/6). Suppose -3*q + 270 = 3*y, -5*q + t*y - 5 = -455. What is the units digit of q?
0
Suppose 0*j + 30 = -3*j. What is the tens digit of 14/j + 1 - (-914)/10?
9
Let h = 815 + -239. Suppose -y = y + 4*c - h, 2*y - 584 = 4*c. What is the units digit of y?
0
Suppose -4*b + 10 - 2 = 2*n, 2*n = -b + 2. Suppose 12 + 27 = 2*l + 5*u, 5*l + u - 86 = n. Suppose 28 + l = 3*w. What is the tens digit of w?
1
What is the hundreds digit of (-8)/((-88)/33) + 126?
1
Suppose -13*q + q = -9408. What is the hundreds digit of q?
7
Let t(h) = h**3 + 7*h**2 - 14*h - 8. What is the units digit of t(6)?
6
Suppose 221*c - 216*c = 4520. What is the units digit of c?
4
What is the thousands digit of (2/(-2))/(-1 + (-1269)/(-1270))?
1
Suppose 6*l + 9 = 3*l, 0 = -m - 3*l - 4. Suppose -2*a = -a - 5*s - 93, 570 = m*a - 4*s. What is the tens digit of a?
1
Suppose 438 = 23*l - 20*l. Let t = l - 82. What is the units digit of t?
4
Suppose 2*u - 8898 = s - 3062, -17488 = 3*s - u. What is the units digit of (-1)/7 + s/(-28)?
8
Let p(k) = 12*k**3 + k**2 + k + 1. Let f be p(-1). Let c = f + 16. Suppose -c*u + 44 = -6. What is the units digit of u?
0
Let z(y) = -y**3 - 4*y**2 - 5*y - 4. Let o be z(-3). Suppose -o*b + 3*